at is the remainder when 36349 is divided by 69?
55
Calculate the remainder when 1305 is divided by 342.
279
Calculate the remainder when 12372 is divided by 74.
14
What is the remainder when 18590 is divided by 18177?
413
What is the remainder when 38352 is divided by 39?
15
What is the remainder when 2121 is divided by 1040?
41
Calculate the remainder when 2931 is divided by 5.
1
Calculate the remainder when 26702 is divided by 4450.
2
What is the remainder when 24695 is divided by 37?
16
Calculate the remainder when 8914 is divided by 28.
10
What is the remainder when 2595 is divided by 2551?
44
What is the remainder when 66185 is divided by 193?
179
What is the remainder when 50351 is divided by 373?
369
Calculate the remainder when 506513 is divided by 299.
7
What is the remainder when 14053 is divided by 137?
79
Calculate the remainder when 68065 is divided by 1547.
1544
Calculate the remainder when 1836 is divided by 913.
10
What is the remainder when 3370 is divided by 428?
374
What is the remainder when 89995 is divided by 120?
115
What is the remainder when 1100 is divided by 491?
118
What is the remainder when 270400 is divided by 1904?
32
What is the remainder when 16703 is divided by 8?
7
Calculate the remainder when 8100 is divided by 74.
34
What is the remainder when 32120 is divided by 564?
536
Calculate the remainder when 11506 is divided by 978.
748
Calculate the remainder when 974 is divided by 186.
44
What is the remainder when 8392 is divided by 287?
69
Calculate the remainder when 14416 is divided by 107.
78
What is the remainder when 18304 is divided by 13?
0
Calculate the remainder when 3892 is divided by 3841.
51
What is the remainder when 748 is divided by 159?
112
What is the remainder when 260 is divided by 14?
8
Calculate the remainder when 3359 is divided by 835.
19
Calculate the remainder when 1364 is divided by 205.
134
What is the remainder when 3530 is divided by 1723?
84
What is the remainder when 2197 is divided by 736?
725
Calculate the remainder when 15810 is divided by 1580.
10
What is the remainder when 2496 is divided by 616?
32
What is the remainder when 3296 is divided by 96?
32
What is the remainder when 124491 is divided by 399?
3
What is the remainder when 10219 is divided by 1847?
984
What is the remainder when 138129 is divided by 49?
47
What is the remainder when 152 is divided by 35?
12
Calculate the remainder when 10700 is divided by 282.
266
Calculate the remainder when 1832 is divided by 1830.
2
What is the remainder when 18887 is divided by 1716?
11
Calculate the remainder when 22649 is divided by 231.
11
What is the remainder when 3812 is divided by 1892?
28
What is the remainder when 21256 is divided by 1931?
15
What is the remainder when 555 is divided by 136?
11
What is the remainder when 668 is divided by 9?
2
What is the remainder when 91324 is divided by 28?
16
Calculate the remainder when 688 is divided by 5.
3
What is the remainder when 3543 is divided by 10?
3
What is the remainder when 82131 is divided by 42?
21
What is the remainder when 179748 is divided by 922?
880
What is the remainder when 5448 is divided by 10?
8
What is the remainder when 241104 is divided by 35?
24
Calculate the remainder when 32731 is divided by 992.
987
Calculate the remainder when 3516 is divided by 55.
51
What is the remainder when 171060 is divided by 298?
8
Calculate the remainder when 11639 is divided by 208.
199
Calculate the remainder when 2668 is divided by 2500.
168
Calculate the remainder when 3269 is divided by 543.
11
Calculate the remainder when 245578 is divided by 1949.
4
Calculate the remainder when 12408 is divided by 107.
103
Calculate the remainder when 11227 is divided by 5242.
743
Calculate the remainder when 239395 is divided by 100.
95
Calculate the remainder when 113 is divided by 65.
48
What is the remainder when 628094 is divided by 128?
126
Calculate the remainder when 79771 is divided by 101.
82
What is the remainder when 31166 is divided by 220?
146
Calculate the remainder when 164962 is divided by 3665.
37
What is the remainder when 2109 is divided by 23?
16
What is the remainder when 6698 is divided by 436?
158
What is the remainder when 21981 is divided by 10985?
11
What is the remainder when 205535 is divided by 464?
447
What is the remainder when 117049 is divided by 81?
4
Calculate the remainder when 8374 is divided by 4181.
12
Calculate the remainder when 39375 is divided by 1312.
15
Calculate the remainder when 98034 is divided by 17.
12
Calculate the remainder when 26459 is divided by 210.
209
What is the remainder when 41663 is divided by 23?
10
What is the remainder when 5703 is divided by 74?
5
Calculate the remainder when 1090797 is divided by 216.
213
What is the remainder when 5066 is divided by 173?
49
Calculate the remainder when 68771 is divided by 588.
563
What is the remainder when 879 is divided by 183?
147
Calculate the remainder when 40059 is divided by 413.
411
What is the remainder when 1742 is divided by 593?
556
What is the remainder when 151112 is divided by 75554?
4
Calculate the remainder when 8315 is divided by 978.
491
Calculate the remainder when 3821 is divided by 89.
83
What is the remainder when 12897 is divided by 1022?
633
Calculate the remainder when 63318 is divided by 6328.
38
What is the remainder when 49623 is divided by 937?
899
Calculate the remainder when 459011 is divided by 79.
21
What is the remainder when 152394 is divided by 19044?
42
What is the remainder when 74958 is divided by 83?
9
Calculate the remainder when 478394 is divided by 107.
104
What is the remainder when 21254 is divided by 195?
194
What is the remainder when 322498 is divided by 161235?
28
Calculate the remainder when 52515 is divided by 1405.
530
Calculate the remainder when 213856 is divided by 70.
6
What is the remainder when 25815 is divided by 782?
9
Calculate the remainder when 67592 is divided by 1408.
8
What is the remainder when 5118 is divided by 465?
3
What is the remainder when 3672 is divided by 676?
292
What is the remainder when 94021 is divided by 31?
29
What is the remainder when 6844 is divided by 6758?
86
What is the remainder when 22420 is divided by 26?
8
Calculate the remainder when 638876 is divided by 968.
964
Calculate the remainder when 5489 is divided by 166.
11
What is the remainder when 1039 is divided by 155?
109
What is the remainder when 5140 is divided by 245?
240
Calculate the remainder when 1407 is divided by 22.
21
What is the remainder when 5962 is divided by 666?
634
Calculate the remainder when 565713 is divided by 122.
121
Calculate the remainder when 1295 is divided by 242.
85
What is the remainder when 312709 is divided by 104236?
1
Calculate the remainder when 117828 is divided by 263.
4
Calculate the remainder when 206898 is divided by 9.
6
Calculate the remainder when 2518 is divided by 9.
7
Calculate the remainder when 768614 is divided by 804.
794
Calculate the remainder when 45146 is divided by 132.
2
Calculate the remainder when 16131 is divided by 971.
595
Calculate the remainder when 723184 is divided by 723162.
22
What is the remainder when 122049 is divided by 15256?
1
Calculate the remainder when 29286 is divided by 58.
54
What is the remainder when 44252 is divided by 5522?
76
Calculate the remainder when 2323 is divided by 128.
19
Calculate the remainder when 864 is divided by 63.
45
Calculate the remainder when 19692 is divided by 33.
24
Calculate the remainder when 2103 is divided by 40.
23
What is the remainder when 14025 is divided by 3494?
49
What is the remainder when 13191 is divided by 1198?
13
What is the remainder when 45543 is divided by 29?
13
Calculate the remainder when 7593 is divided by 42.
33
Calculate the remainder when 28718 is divided by 130.
118
What is the remainder when 869 is divided by 410?
49
What is the remainder when 79069 is divided by 203?
102
What is the remainder when 6718 is divided by 198?
184
What is the remainder when 101750 is divided by 338?
12
Calculate the remainder when 413026 is divided by 206513.
0
What is the remainder when 68879 is divided by 34432?
15
Calculate the remainder when 48578 is divided by 694.
692
What is the remainder when 2043 is divided b